culate the remainder when 1146 is divided by 72.
66
What is the remainder when 162 is divided by 15?
12
What is the remainder when 115 is divided by 47?
21
Calculate the remainder when 770 is divided by 27.
14
What is the remainder when 202 is divided by 92?
18
What is the remainder when 639 is divided by 316?
7
Calculate the remainder when 690 is divided by 186.
132
Calculate the remainder when 337 is divided by 120.
97
Calculate the remainder when 186 is divided by 29.
12
Calculate the remainder when 210 is divided by 108.
102
What is the remainder when 231 is divided by 61?
48
What is the remainder when 163 is divided by 15?
13
What is the remainder when 413 is divided by 83?
81
What is the remainder when 823 is divided by 126?
67
What is the remainder when 2160 is divided by 25?
10
Calculate the remainder when 6479 is divided by 30.
29
What is the remainder when 67 is divided by 19?
10
Calculate the remainder when 1563 is divided by 10.
3
What is the remainder when 154 is divided by 13?
11
Calculate the remainder when 81 is divided by 23.
12
What is the remainder when 106 is divided by 37?
32
Calculate the remainder when 272 is divided by 104.
64
Calculate the remainder when 604 is divided by 333.
271
Calculate the remainder when 335 is divided by 48.
47
Calculate the remainder when 2733 is divided by 144.
141
What is the remainder when 47 is divided by 9?
2
What is the remainder when 497 is divided by 6?
5
Calculate the remainder when 172 is divided by 37.
24
What is the remainder when 358 is divided by 205?
153
What is the remainder when 2641 is divided by 446?
411
What is the remainder when 207 is divided by 21?
18
Calculate the remainder when 112 is divided by 19.
17
Calculate the remainder when 695 is divided by 17.
15
Calculate the remainder when 2932 is divided by 163.
161
Calculate the remainder when 437 is divided by 111.
104
What is the remainder when 94 is divided by 58?
36
What is the remainder when 139 is divided by 39?
22
What is the remainder when 24544 is divided by 19?
15
What is the remainder when 3188 is divided by 14?
10
What is the remainder when 456 is divided by 80?
56
What is the remainder when 182 is divided by 93?
89
What is the remainder when 357 is divided by 174?
9
What is the remainder when 4058 is divided by 88?
10
What is the remainder when 2066 is divided by 23?
19
What is the remainder when 122 is divided by 62?
60
What is the remainder when 5682 is divided by 7?
5
Calculate the remainder when 308 is divided by 41.
21
Calculate the remainder when 668 is divided by 13.
5
Calculate the remainder when 192 is divided by 65.
62
What is the remainder when 400 is divided by 28?
8
What is the remainder when 323 is divided by 23?
1
What is the remainder when 277 is divided by 32?
21
Calculate the remainder when 17 is divided by 8.
1
What is the remainder when 121 is divided by 44?
33
Calculate the remainder when 255 is divided by 19.
8
What is the remainder when 63 is divided by 6?
3
What is the remainder when 171 is divided by 34?
1
What is the remainder when 217 is divided by 45?
37
What is the remainder when 1196 is divided by 133?
132
Calculate the remainder when 226 is divided by 144.
82
What is the remainder when 1536 is divided by 44?
40
Calculate the remainder when 1359 is divided by 8.
7
What is the remainder when 213 is divided by 36?
33
What is the remainder when 1724 is divided by 69?
68
What is the remainder when 86 is divided by 76?
10
Calculate the remainder when 247 is divided by 88.
71
What is the remainder when 187 is divided by 19?
16
Calculate the remainder when 86 is divided by 26.
8
What is the remainder when 3155 is divided by 1050?
5
What is the remainder when 8191 is divided by 8?
7
What is the remainder when 116 is divided by 13?
12
Calculate the remainder when 366 is divided by 72.
6
Calculate the remainder when 106 is divided by 5.
1
What is the remainder when 142 is divided by 42?
16
What is the remainder when 2006 is divided by 76?
30
Calculate the remainder when 99 is divided by 33.
0
Calculate the remainder when 1137 is divided by 567.
3
Calculate the remainder when 2228 is divided by 226.
194
Calculate the remainder when 782 is divided by 98.
96
Calculate the remainder when 748 is divided by 38.
26
What is the remainder when 101 is divided by 98?
3
What is the remainder when 465 is divided by 12?
9
Calculate the remainder when 10693 is divided by 191.
188
Calculate the remainder when 385 is divided by 114.
43
What is the remainder when 501 is divided by 178?
145
Calculate the remainder when 579 is divided by 116.
115
Calculate the remainder when 242 is divided by 23.
12
What is the remainder when 75 is divided by 28?
19
Calculate the remainder when 32 is divided by 12.
8
What is the remainder when 2889 is divided by 193?
187
Calculate the remainder when 207 is divided by 30.
27
What is the remainder when 121 is divided by 43?
35
Calculate the remainder when 407 is divided by 10.
7
Calculate the remainder when 252 is divided by 33.
21
What is the remainder when 1259 is divided by 36?
35
Calculate the remainder when 124 is divided by 15.
4
What is the remainder when 644 is divided by 63?
14
What is the remainder when 114 is divided by 14?
2
Calculate the remainder when 546 is divided by 10.
6
Calculate the remainder when 230 is divided by 148.
82
Calculate the remainder when 613 is divided by 104.
93
Calculate the remainder when 556 is divided by 17.
12
What is the remainder when 186 is divided by 47?
45
Calculate the remainder when 330 is divided by 107.
9
Calculate the remainder when 447 is divided by 14.
13
Calculate the remainder when 677 is divided by 176.
149
Calculate the remainder when 455 is divided by 27.
23
What is the remainder when 311 is divided by 92?
35
What is the remainder when 466 is divided by 67?
64
What is the remainder when 1696 is divided by 85?
81
What is the remainder when 7995 is divided by 86?
83
What is the remainder when 961 is divided by 36?
25
What is the remainder when 55 is divided by 32?
23
Calculate the remainder when 47 is divided by 26.
21
Calculate the remainder when 590 is divided by 190.
20
What is the remainder when 3559 is divided by 40?
39
Calculate the remainder when 809 is divided by 91.
81
What is the remainder when 667 is divided by 6?
1
Calculate the remainder when 111 is divided by 22.
1
What is the remainder when 2058 is divided by 3?
0
What is the remainder when 955 is divided by 33?
31
Calculate the remainder when 144 is divided by 22.
12
What is the remainder when 173 is divided by 37?
25
Calculate the remainder when 193 is divided by 39.
37
What is the remainder when 791 is divided by 13?
11
What is the remainder when 673 is divided by 336?
1
What is the remainder when 1168 is divided by 6?
4
Calculate the remainder when 1753 is divided by 584.
1
Calculate the remainder when 135 is divided by 20.
15
Calculate the remainder when 869 is divided by 15.
14
What is the remainder when 161 is divided by 41?
38
Calculate the remainder when 406 is divided by 118.
52
Calculate the remainder when 1123 is divided by 13.
5
What is the remainder when 591 is divided by 22?
19
Calculate the remainder when 39 is divided by 23.
16
Calculate the remainder when 7914 is divided by 13.
10
What is the remainder when 2252 is divided by 256?
204
Calculate the remainder when 240 is divided by 63.
51
Calculate the remainder when 7 is divided by 7.
0
Calculate the remainder when 431 is divided by 228.
203
What is the remainder when 132 is divided by 59?
14
What is the remainder when 336 is divided by 59?
41
Calculate the remainder when 2698 is divided by 159.
154
What is the remainder when 2311 is divided by 68?
67
What is the remainder when 489 is divided by 464?
25
Calculate the remainder when 1383 is divided by 6.
3
Calculate the remainder when 4313 is divided by 8.
1
Calculate the remainder when 48 is divided by 33.
15
What is the remainder when 92 is divided by 33?
26
What is the remainder when 123 is divided by 43?
37
What is the remainder when 155 is divided by 106?
49
Calculate the remainder when 56 is divided by 24.
8
What is the remainder when 6777 is divided by 86?
69
What is the remainder when 380 is divided by 10?
0
What is the remainder wh